ime factors of l(9)?
2
Let y(h) = -h - 2. Let v(d) = 2*d + 3. Let o(n) = -3*v(n) - 5*y(n). Let w be o(-4). Suppose 0 = -2*g + g + w. What are the prime factors of g?
5
Suppose l - 12 = 3*x, -3*l + 2*l + 5*x = -20. Suppose -4*f + 7 = -r, r + f + l*f - 18 = 0. What are the prime factors of r?
13
Let a be 5 - 2*(-9)/(-6). Suppose -2*i = -5*p + 61 + 28, -2*i = a*p - 44. Suppose b - n - 20 = 0, -5 = b + n - p. List the prime factors of b.
17
Let b(m) = m + 2. Let u be b(2). Let n(z) = 2*z**2 - 7*z + 6. What are the prime factors of n(u)?
2, 5
Suppose -3*f - 2*g = 2*f - 36, f - g - 10 = 0. Suppose l - f - 23 = 0. What are the prime factors of l?
31
What are the prime factors of (-32)/(-12)*(-39)/(-4)?
2, 13
Let n = -17 + 25. What are the prime factors of (-14)/n*-4*6?
2, 3, 7
Let x(s) = -s**2 + 6*s + 4. Let y be x(6). Let f(k) = 2 - 3 + k - 2*k + 2*k. List the prime factors of f(y).
3
Let i(m) = m**2 + m - 8. Let x be i(-8). Let s = -3 + 8. Suppose -5*y + 2*p = -70, 3*p + 27 = s*y - x. What are the prime factors of y?
2, 3
Let b = 41 - 26. What are the prime factors of b?
3, 5
Suppose 2*r - 2*h = 0, -4 + 2 = -3*r + h. Let z be (1 - 2 - r) + 2. Suppose -o + 4 + 14 = z. List the prime factors of o.
2, 3
Let d = 18 - 10. What are the prime factors of d?
2
Let o(q) = q**2 - 2*q - 1. Let f = 20 - 13. What are the prime factors of o(f)?
2, 17
Let c be (-40)/(-12)*6/4. Suppose -3*y = -4*f + 8, 2*y - 7 - 3 = -c*f. List the prime factors of f.
2
Let y(m) = 2*m**2 + 6*m + 11. Suppose 0 = 9*s - 12*s - 15. List the prime factors of y(s).
31
Let p(r) = 4*r - 9. Let q be p(10). Suppose 3*o = -1 + q. What are the prime factors of o?
2, 5
Let d(m) = 1. Let r(x) = x**3 - 9*x**2 + 6*x + 17. Let b(h) = 6*d(h) - r(h). List the prime factors of b(8).
5
Let p be 2/5 + (-24)/(-15). Suppose -6*b - 2*n + 22 = -p*b, -b = -2*n + 2. What are the prime factors of b?
2
Let r(c) = -c - 1. Let f be r(-2). Suppose -f + 37 = v. What are the prime factors of v?
2, 3
Let j = -14 + 18. Suppose j*p = w - 17 - 1, 5*p = 0. What are the prime factors of w?
2, 3
Let j(f) = f. Let k(h) = -2*h + 3. Let l(m) = j(m) - k(m). What are the prime factors of l(3)?
2, 3
Let v = -1 + 8. What are the prime factors of v?
7
Let r(j) = 6*j**3 + j**2 - 2. What are the prime factors of r(3)?
13
Suppose -3*x + 3 = 2*u, -6*u = -3*u - 4*x + 4. List the prime factors of (-3)/(u + 9/(-6)).
2
Suppose 0 = -3*r - 2*l + l + 41, 5*l - 10 = 0. What are the prime factors of r?
13
Let p(d) = d**2 + 2*d + 8. Let a be p(-6). Suppose b - a = 4*q, -4*b + 23 = 6*q - q. Let c = b + -6. What are the prime factors of c?
2, 3
Let d(j) = j**2 - 35. Let l be d(0). Let m = 11 + l. Let r = -12 - m. What are the prime factors of r?
2, 3
Suppose 4*k = -s + 9, -3*k + 12 = -0*s - s. Suppose 4*i - k = 9. List the prime factors of i.
3
Suppose 2*t - 3 = 5*t, 5*t + 5 = 3*i. Suppose u - 10 - 16 = i. What are the prime factors of u?
2, 13
Let w = 51 + -40. What are the prime factors of w?
11
Suppose 5*p = 4*p. Suppose -t + 29 + p = 0. Let f = t - 17. List the prime factors of f.
2, 3
Suppose 0 = 3*n + 2*b + b - 27, n - 2*b + 6 = 0. Suppose -l + 45 = n*l. List the prime factors of l.
3
Suppose 2*c + 2*t = 138, -3*t = c - 0*t - 61. What are the prime factors of c?
73
Let c(h) = 4*h**3 - 6*h**2 - 2*h - 8. List the prime factors of c(4).
2, 3
Let c(o) = 17*o + 8. Let r(m) = -9*m - 4. Let f(n) = -4*c(n) - 7*r(n). What are the prime factors of f(-3)?
11
Let b = 40 + -10. List the prime factors of b.
2, 3, 5
Let t be 2*(-4 + 2)*-1. Suppose t*z - 3*z - 8 = 0. List the prime factors of z.
2
Suppose -10*a = -338 - 1262. List the prime factors of a.
2, 5
Let h be ((-1)/(-2))/(3/(-150)). Let b = h + 15. What are the prime factors of -1 + (2 + -4 - b)?
7
Let j = -16 - -29. Let z be -65*(2 - (-36)/(-15)). Let h = z - j. List the prime factors of h.
13
Suppose 0 = 7*y - 2*y - 420. List the prime factors of y.
2, 3, 7
Let n(h) = -h - 1. Let o be n(-7). Let s be 6/2*4/o. Suppose -24 = -s*j - j. What are the prime factors of j?
2
Let q = 290 - 104. What are the prime factors of q?
2, 3, 31
Let v(n) = -n - 1. Let p be v(-3). Suppose p = -4*l + 10. What are the prime factors of l?
2
Let j(t) = 9*t**2 - 2*t - 2. List the prime factors of j(-2).
2, 19
Suppose -2*z + 0*z + 6 = 0. Suppose -z*n + n = -10. Suppose n*u - 9 = 26. List the prime factors of u.
7
Let h(m) = m**3 - 9*m**2 + m - 4. Suppose -7*t = -2*t - 45. What are the prime factors of h(t)?
5
Suppose -4*u - 21 = -5*l - 72, -5*l - 37 = -3*u. Suppose 2*y = -2*c - 3 + 25, c = 2*y + u. List the prime factors of 20/3 + 4/c.
7
Let y(q) = 3*q + 28. List the prime factors of y(0).
2, 7
Let q(o) = -52*o**3 - 5*o**2 + 7*o + 5. Let f(l) = 26*l**3 + 2*l**2 - 3*l - 2. Let a(t) = 5*f(t) + 2*q(t). What are the prime factors of a(1)?
5
Suppose -5*j - 4*q + 10 = 0, 3*q = -3*j + 1 + 5. Suppose -5*k = -h + 57, -k = j*h - 7*h - 3. Let f = -8 - k. List the prime factors of f.
2
Let m(w) = 4*w**2 + 3*w + 6. What are the prime factors of m(7)?
223
Let j be ((-632)/3)/(5/(-15)). Suppose 5*k + j = 22. What are the prime factors of 4/18 - k/18?
7
List the prime factors of (6/10)/((-26)/(-11570)).
3, 89
Let v = -14 - -49. List the prime factors of 10/v - (-341)/7.
7
Let t = 11 + -10. Let j be (-2)/(-4) + (-27)/(-6). Suppose -3*y - t = 2*b - b, 5*b - j*y = 55. List the prime factors of b.
2
Suppose 4*a + 4 = -l + 1, -2*l = 5*a + 6. Suppose -y = -a*y - 15. What are the prime factors of y?
3, 5
Let a = 205 - 72. What are the prime factors of a?
7, 19
Suppose 5*b + q = 173, 7*b - 2*b - 179 = -3*q. What are the prime factors of b?
2, 17
Suppose 5*a + 10 = -5*m, -2*a - 2*m - 4 = 3*a. Suppose a = u - 1 - 2. Suppose v = -u*v + 40. What are the prime factors of v?
2, 5
Suppose -2*q + 0*q - 22 = -5*z, -3*q - 2*z = -5. Let f(i) = -i**3 - 4*i**2 + i - 4. Let u be f(-5). Let g = u - q. What are the prime factors of g?
17
Let g(p) = 11*p**3 - 2*p + 1. Let k be 2/6 + 5/3. Suppose 3*d - 3*t = -6, k*t - 7 = -d - 0*t. What are the prime factors of g(d)?
2, 5
Let y be ((-41)/(-2))/(9/54). Suppose -6*l + 81 = -y. List the prime factors of l.
2, 17
Let t(r) = r**3 + 11*r**2 + 4*r. List the prime factors of t(-10).
2, 3, 5
Let v = -6 - -10. Suppose -2*l + v = -2. Suppose l + 9 = w. What are the prime factors of w?
2, 3
Let u(q) be the second derivative of q**4/6 + q**3/6 - q**2/2 + 2*q. Let h(t) = -t**2 - 8*t - 9. Let j be h(-7). List the prime factors of u(j).
5
Let l = 10 - 5. Suppose 0 = 2*s - l - 17. List the prime factors of s.
11
Let g(i) = -i**2 + 6*i + 6. Let k be g(6). Suppose -4*m - m + 20 = 0. Let v = k + m. What are the prime factors of v?
2, 5
Suppose -6*h = -7*h + 29. List the prime factors of h.
29
Suppose p + 212 = 5*p. List the prime factors of p.
53
Let r(h) = h - 3. Let f be r(3). Let m(x) = x - 2. Let q be m(5). Suppose -q*i + 0*i + 15 = f. What are the prime factors of i?
5
Let n(i) be the second derivative of i**4/12 + 2*i**3/3 - 3*i**2/2 + 3*i. Let z be n(-3). What are the prime factors of (9/z)/(3/(-6))?
3
Let g be (-26)/7 + 4/(-14). Let r = g - -13. What are the prime factors of r?
3
Let w = 6 + -1. Suppose 3*t - 22 = w*f + 20, 4*f = t - 14. List the prime factors of t.
2, 7
Let o be -2*6/4 - -1. What are the prime factors of 130*((-16)/10 - o)?
2, 13
Suppose -2*d - 2 = -4*d. Suppose 2*g + 0*g = 3*v + 10, -4*v - g = 6. List the prime factors of d*6*v/(-3).
2
Suppose -47 = u - 3*k, -5*u - 196 = -5*k - 11. Let f be u/12 - (-2)/3. What are the prime factors of f/4*-14 + 2?
3
Let j(d) = 5*d**3 - d - 1. Let l be j(-1). Let h = l - -7. Suppose h*c - 1 - 5 = 0. What are the prime factors of c?
3
Let x(h) = 1 - 9*h - 2*h - h**2 + 3 + 8*h. Let i be x(-3). Suppose 0*w - 56 = -i*w. What are the prime factors of w?
2, 7
Suppose -2*c = -5*c - w + 6, -3*w - 21 = -4*c. What are the prime factors of c?
3
Suppose 2*w + 5*k = -3*w - 20, -5*w + 2*k = -1. What are the prime factors of (-17)/(-17) + (w - -9)?
3
Suppose -4*m = -5*u + 29, -m - 4*m = u. Suppose 4*w - y - 10 = -w, -u*y + 8 = 4*w. Suppose -24 = w*g - 5*g. List the prime factors of g.
2
Let m = -13 - -17. Suppose -52 = -6*o + m*o. List the prime factors of o.
2, 13
Suppose -158 = -3*y + 223. What are the prime factors of y?
127
Let g(u) = 13*u**2 + 3*u + 2. Let l be g(-1). What are t